{"id":460,"date":"2015-11-19T18:08:21","date_gmt":"2015-11-19T20:08:21","guid":{"rendered":"http:\/\/www.eventus.com.br\/portal\/?page_id=460"},"modified":"2016-01-27T22:59:35","modified_gmt":"2016-01-28T00:59:35","slug":"eventos-realizados-2005","status":"publish","type":"page","link":"http:\/\/www.eventus.com.br\/portal\/eventos-realizados-2005\/","title":{"rendered":"EVENTOS REALIZADOS &#8211; 2005"},"content":{"rendered":"<p>&nbsp;<\/p>\n<p>XLI Reuni\u00e3o do Centro de Estudos Oftalmol\u00f3gicos<br \/>\nCliente: Dr. Eduardo Rocha \u2013 FMRPUSP<br \/>\n03 e 04 de dezembro de 2005, Ribeir\u00e3o Preto \u2013 SP<br \/>\n140 participantes<\/p>\n<hr class=\" hr_color\" style=\"margin: 0 auto 30px;\"\/>\n\n<p>VI Semin\u00e1rio Internacional do PMI<br \/>\nCliente: PMI \u2013 Project Management Institute,S\u00e3o Paulo, Brazil Chapter<br \/>\n29 a 30 novembro de 2005 &#8211; Espa\u00e7o Apas, S\u00e3o Paulo, SP<br \/>\n650 participantes<\/p>\n<hr class=\" hr_color\" style=\"margin: 0 auto 30px;\"\/>\n\n<p>IV S\u00e3o Paulo Research Conference \u201cCancer Today\u201d<br \/>\nCliente: Prof. Boris Vargaftig, Instituto de Bioci\u00eancias da USP<br \/>\n10 a 12 de novembro de 2005, Faculdade de Medicina da USP, S\u00e3o Paulo, SP<br \/>\n540 participantes<\/p>\n<hr class=\" hr_color\" style=\"margin: 0 auto 30px;\"\/>\n\n<p>IX Simp\u00f3sio Internacional de Atividades F\u00edsicas do Rio de Janeiro &#8211; IPCFEx2005<br \/>\nCliente: Instituto de Pesquisa da Capacita\u00e7\u00e3o F\u00edsica do Ex\u00e9rcito<br \/>\n04 a 06 de novembro de 2005 &#8211; Escola Naval, Rio de Janeiro, RJ.<br \/>\n420 participantes<\/p>\n<hr class=\" hr_color\" style=\"margin: 0 auto 30px;\"\/>\n\n<p>39\u00b0 Congresso Brasileiro de Farmacologia e Terap\u00eautica Experimental<br \/>\nCliente: Sociedade Brasileira de Farmacologia e Terap\u00eautica Experimental \u2013 SBFTe<br \/>\n17 a 20 de outubro de 2007 \u2013 Ribeir\u00e3o Preto, SP<br \/>\nPrevis\u00e3o: 1.000 participantes<\/p>\n<hr class=\" hr_color\" style=\"margin: 0 auto 30px;\"\/>\n\n<p>II Congresso Brasileiro da Sociedade Brasileira de Neurologia Infantil<br \/>\nCliente: Sociedade Brasileira de Neurologia Infantil &#8211; SBNI<br \/>\n14 e 15 de outubro de 2005, Hotel Paulista Plaza, S\u00e3o Paulo, SP<br \/>\n230 participantes<\/p>\n<hr class=\" hr_color\" style=\"margin: 0 auto 30px;\"\/>\n\n<p>IX International Meeting on Paracoccidioidomycosis<br \/>\nCliente: Prof\u00aa. Vera Calich, USP<br \/>\n02 a 05 Outubro de 2005, Hotel Vacance, \u00c1guas de Lind\u00f3ia, SP<br \/>\n200 participantes<\/p>\n<hr class=\" hr_color\" style=\"margin: 0 auto 30px;\"\/>\n\n<p>I Congresso Paulista de Medicina da Fam\u00edlia e Comunidade<br \/>\nCliente: Associa\u00e7\u00e3o Paulista de Medicina da Fam\u00edlia e Comunidade<br \/>\n22 e 24 de setembro de 2005 &#8211; CENACON &#8211; Ribeir\u00e3o Preto, SP<br \/>\n500 participantes<\/p>\n<hr class=\" hr_color\" style=\"margin: 0 auto 30px;\"\/>\n\n<p>I Congresso Sul Sudeste de An\u00e1lises Cl\u00ednicas<br \/>\nCliente: Sociedade Brasileira de An\u00e1lises Cl\u00ednica<br \/>\n04 a 07 de setembro de 2005, Arts and Convention Center &#8211; Campos do Jord\u00e3o, SP<br \/>\n200 participantes<\/p>\n<hr class=\" hr_color\" style=\"margin: 0 auto 30px;\"\/>\n\n<p>XX Congresso da Sociedade Brasileira de Microscopia e Microan\u00e1lise<br \/>\nCliente: SBMM &#8211; Sociedade Brasileira de Microscopia e Microan\u00e1lise<br \/>\n28 a 31 de agosto de 2005 &#8211; Hotel Monte Real, \u00c1guas de Lind\u00f3ia, SP<br \/>\n550 participantes<\/p>\n<hr class=\" hr_color\" style=\"margin: 0 auto 30px;\"\/>\n\n<p>II Congresso Nacional da Sociedade Brasileira de Enfermagem Cardiovascular<br \/>\nCliente: SOBENC &#8211; Sociedade Brasileira de Enfermagem Cardiovascular<br \/>\n18 a 20 de Agosto de 2005 &#8211; Hotel Pestana, S\u00e3o Paulo, SP<br \/>\n200 participantes<\/p>\n<hr class=\" hr_color\" style=\"margin: 0 auto 30px;\"\/>\n\n<p>I\u00ba Simp\u00f3sio Nacional da ABPp<br \/>\nCliente: ABPp &#8211; Associa\u00e7\u00e3o Brasileira de Psicopedagogia<br \/>\n02 e 03 de julho de 2005, Universidade S\u00e3o Judas, S\u00e3o Paulo, SP.<br \/>\n350 participantes<\/p>\n<hr class=\" hr_color\" style=\"margin: 0 auto 30px;\"\/>\n\n<p>III S\u00e3o Paulo Research Conference \u201cAsthma and Hygiene\u201d<br \/>\nCliente: Prof. Boris Vargaftig, Instituto de Bioci\u00eancias da USP<br \/>\n12 de junho de 2005, Faculdade de Medicina da USP, S\u00e3o Paulo, SP<br \/>\n70 participantes<\/p>\n<hr class=\" hr_color\" style=\"margin: 0 auto 30px;\"\/>\n\n<p>XI Encontro de Reumatologia Avan\u00e7ada e XVIII Jornada Paulista de Reumatologia<br \/>\nCliente: Sociedade Paulista de Reumatologia<br \/>\n19 a 21 de maio de 2005 , Hotel Maksoud Plaza, S\u00e3o Paulo, SP<br \/>\n600 participantes<\/p>\n<hr class=\" hr_color\" style=\"margin: 0 auto 30px;\"\/>\n\n<p>Jornada \u201cDi\u00e1logos Psicopedag\u00f3gicos\u201d<br \/>\nCliente: ABPp &#8211; Associa\u00e7\u00e3o Brasileira de Psicopedagogia<br \/>\n7 de Maio de 2005 &#8211; Col\u00e9gio Baptista, S\u00e3o Paulo, SP<br \/>\n700 participantes<\/p>\n<hr class=\" hr_color\" style=\"margin: 0 auto 30px;\"\/>\n\n<p>VI COPEM &#8211; Congresso Paulista de Endocrinologia e Metabologia<br \/>\nCliente: SBEM &#8211; Sociedade Brasileira de Endocrinologia e Metabologia &#8211; Div. SP<br \/>\n05 a 07 de maio de 2005 &#8211; Centro de Conven\u00e7\u00f5es Frei Caneca, S\u00e3o Paulo, SP<br \/>\n1.400 participantes<\/p>\n","protected":false},"excerpt":{"rendered":"<p>&nbsp; XLI Reuni\u00e3o do Centro de Estudos Oftalmol\u00f3gicos Cliente: Dr. Eduardo Rocha \u2013 FMRPUSP 03 e 04 de dezembro de 2005, Ribeir\u00e3o Preto \u2013 SP 140 [&hellip;]<\/p>\n","protected":false},"author":1,"featured_media":2088,"parent":0,"menu_order":0,"comment_status":"closed","ping_status":"closed","template":"","meta":[],"_links":{"self":[{"href":"http:\/\/www.eventus.com.br\/portal\/wp-json\/wp\/v2\/pages\/460"}],"collection":[{"href":"http:\/\/www.eventus.com.br\/portal\/wp-json\/wp\/v2\/pages"}],"about":[{"href":"http:\/\/www.eventus.com.br\/portal\/wp-json\/wp\/v2\/types\/page"}],"author":[{"embeddable":true,"href":"http:\/\/www.eventus.com.br\/portal\/wp-json\/wp\/v2\/users\/1"}],"replies":[{"embeddable":true,"href":"http:\/\/www.eventus.com.br\/portal\/wp-json\/wp\/v2\/comments?post=460"}],"version-history":[{"count":6,"href":"http:\/\/www.eventus.com.br\/portal\/wp-json\/wp\/v2\/pages\/460\/revisions"}],"predecessor-version":[{"id":2064,"href":"http:\/\/www.eventus.com.br\/portal\/wp-json\/wp\/v2\/pages\/460\/revisions\/2064"}],"wp:featuredmedia":[{"embeddable":true,"href":"http:\/\/www.eventus.com.br\/portal\/wp-json\/wp\/v2\/media\/2088"}],"wp:attachment":[{"href":"http:\/\/www.eventus.com.br\/portal\/wp-json\/wp\/v2\/media?parent=460"}],"curies":[{"name":"wp","href":"https:\/\/api.w.org\/{rel}","templated":true}]}}