{"id":465,"date":"2015-11-19T18:35:52","date_gmt":"2015-11-19T20:35:52","guid":{"rendered":"http:\/\/www.eventus.com.br\/portal\/?page_id=465"},"modified":"2016-01-27T23:01:33","modified_gmt":"2016-01-28T01:01:33","slug":"eventos-realizados-2006","status":"publish","type":"page","link":"http:\/\/www.eventus.com.br\/portal\/eventos-realizados-2006\/","title":{"rendered":"EVENTOS REALIZADOS 2006"},"content":{"rendered":"<p>&nbsp;<\/p>\n<p>VI S\u00e3o Paulo Research Conference &#8220;Mecanismos de Infec\u00e7\u00e3o e Vacinas 2006&#8221;<br \/>\nCliente: Prof. Boris Vargaftig \u2013 Pr\u00f3 Reitoria de Pesquisas da USP<br \/>\n27 a 29 de Novembro de 2006 \u2013 FAU, Cidade Universit\u00e1ria, S\u00e3o Paulo, SP.<br \/>\n360 participantes<\/p>\n<hr class=\" hr_color\" style=\"margin: 0 auto 30px;\"\/>\n\n<p>1\u00b0 Congresso Nacional de Psican\u00e1lise Contempor\u00e2nea<br \/>\nCliente: EPPICO, Espa\u00e7o Psicanal\u00edtico Contempor\u00e2neo<br \/>\n17 e 18 de Novembro de 2006 &#8211; Espa\u00e7o APAS, S\u00e3o Paulo, SP<br \/>\n320 participantes<\/p>\n<hr class=\" hr_color\" style=\"margin: 0 auto 30px;\"\/>\n\n<p>XIV Congresso Internacional da Associa\u00e7\u00e3o Junguiana do Brasil<br \/>\nCliente: Instituto de Psicologia Anal\u00edtica de Campinas &#8211; IPAC<br \/>\n17 a 19 de Novembro de 2006, Hotel Colina Verde em \u00c1guas de S\u00e3o Pedro, SP<br \/>\n300 participantes<\/p>\n<hr class=\" hr_color\" style=\"margin: 0 auto 30px;\"\/>\n\n<p>11\u00ba Encontro Nacional da Sociedade Brasileira de Neurologia Infantil<br \/>\nCliente: Sociedade Brasileira de Neurologia Infantil<br \/>\n03 a 04 de Novembro de 2006 &#8211; Paulista Plaza Hotel,S\u00e3o Paulo, SP<br \/>\n300 participantes<\/p>\n<hr class=\" hr_color\" style=\"margin: 0 auto 30px;\"\/>\n\n<p>38\u00b0 Congresso Brasileiro de Farmacologia e Terap\u00eautica Experimental<br \/>\nCliente: Sociedade Brasileira de Farmacologia e Terap\u00eautica Experimental &#8211; SBFTe<br \/>\n18 a 21 de Outubro de 2006, Centro de Conven\u00e7\u00f5es de Ribeir\u00e3o Preto-SP<br \/>\n1.110 participantes<\/p>\n<hr class=\" hr_color\" style=\"margin: 0 auto 30px;\"\/>\n\n<p>VII Congresso Brasileiro de Psicopedagogia<br \/>\nCliente: Associa\u00e7\u00e3o Brasileira de Psicopedagogia \u2013 ABPp<br \/>\n12 a 15 de Outubro de 2006 &#8211; Universidade S\u00e3o Judas, S\u00e3o Paulo, SP.<br \/>\n900 participantes<\/p>\n<hr class=\" hr_color\" style=\"margin: 0 auto 30px;\"\/>\n\n<p>VI Semin\u00e1rio Internacional de Gest\u00e3o de Projetos &#8211; PMI S\u00e3o Paulo<br \/>\nCliente: Cap\u00edtulo S\u00e3o Paulo, Brasil do Project Management Institute &#8211; PMI<br \/>\n04 a 06 de Outubro de 2006, Centro de Conven\u00e7\u00f5es Frei Caneca \u2013 S\u00e3o Paulo, SP<br \/>\n800 participantes<\/p>\n<hr class=\" hr_color\" style=\"margin: 0 auto 30px;\"\/>\n\n<p>VI Congresso da SBDST e II Congresso Brasileiro de AIDS<br \/>\nCliente: Sociedade Brasileira de DST- Regional S\u00e3o Paulo<br \/>\n17 a 20 de Setembro de 2006 &#8211; Mendes Convention Center em Santos, SP<br \/>\n1600 participantes<\/p>\n<hr class=\" hr_color\" style=\"margin: 0 auto 30px;\"\/>\n\n<p>XXI Congresso da Sociedade Brasileira de Microscopia e Microan\u00e1lise<br \/>\nCliente: Sociedade Brasileira de Microscopia e Microan\u00e1lise<br \/>\n26 a 29 de Agosto de 2007 &#8211; Hotel Atl\u00e2ntico B\u00fazios, Rio de Janeiro, RJ.<br \/>\n600 participantes<\/p>\n<hr class=\" hr_color\" style=\"margin: 0 auto 30px;\"\/>\n\n<p>XXVI Congresso Brasileiro de Reumatologia e XII Encontro de Reumatologia Avan\u00e7ada<br \/>\nCliente: Sociedade Paulista de Reumatologia<br \/>\n06 a 09 de Setembro de 2006, The Royal Palm Plaza Hotel\u2013 Campinas, SP<br \/>\n1.700 participantes<\/p>\n<hr class=\" hr_color\" style=\"margin: 0 auto 30px;\"\/>\n\n<p>XIV Congresso Brasileiro de Parasitologia Veterin\u00e1ria e II Simp\u00f3sio Latino-Americano<br \/>\nde Riquetsioses<br \/>\nCliente: Col\u00e9gio Brasileiro de Parasitologia Veterin\u00e1ria<br \/>\n3 a 6 de setembro de 2006 &#8211; Centro de Conven\u00e7\u00f5es de Ribeir\u00e3o Preto, SP<br \/>\n650 participantes<\/p>\n<hr class=\" hr_color\" style=\"margin: 0 auto 30px;\"\/>\n\n<p>41st Congress of the Brazilian Physiological Society &amp; Joint Meeting with The<br \/>\nPhysiological Society<br \/>\nCliente: Sociedade Brasileira de Fisiologia &#8211; SBFIS<br \/>\n27 a 30 de agosto de 2006 &#8211; Centro de Conven\u00e7\u00f5es de Ribeir\u00e3o Preto, SP<br \/>\n1250 participantes<\/p>\n<hr class=\" hr_color\" style=\"margin: 0 auto 30px;\"\/>\n\n<p>III Simp\u00f3sio Internacional da Noz Macad\u00e2mia<br \/>\nCliente: Associa\u00e7\u00e3o Brasileira de Macad\u00e2mia<br \/>\n27 a 30 de agosto de 2006, Hotel \u00c1guas de S\u00e3o Pedro, SP<br \/>\n240 participantes<\/p>\n<hr class=\" hr_color\" style=\"margin: 0 auto 30px;\"\/>\n\n<p>VII Congresso Brasileiro de Terapia Familiar<br \/>\nCliente: Associa\u00e7\u00e3o Brasileira de Terapia Familiar (ABRATEF)<br \/>\n25 a 29 de Julho de 2006 &#8211; FECAP, S\u00e3o Paulo, SP<br \/>\n1310 participantes<\/p>\n<hr class=\" hr_color\" style=\"margin: 0 auto 30px;\"\/>\n\n<p>I Encontro Internacional sobre Luto e Cuidados Paliativos e IV Jornada Paulista sobre Luto<br \/>\nCliente: 4 Esta\u00e7\u00f5es Instituto de Psicologia<br \/>\n21 e 22 de Julho de 2006, Hotel Paulista Plaza, S\u00e3o Paulo, SP<br \/>\n210 participantes<\/p>\n<hr class=\" hr_color\" style=\"margin: 0 auto 30px;\"\/>\n\n<p>16\u00ba Congresso Internacional de Psicoterapia de Grupo<br \/>\nCliente: Federa\u00e7\u00e3o Brasileira de Psicodrama e IAGP &#8211; International Association of Group Psychotherapy<br \/>\n17 a 22 de Julho de 2006, FECAP, S\u00e3o Paulo, SP<br \/>\n1.300 participantes<\/p>\n<hr class=\" hr_color\" style=\"margin: 0 auto 30px;\"\/>\n\n<p>8\u00b0 Congresso Brasileiro de Medicina da Fam\u00edlia e Comunidade<br \/>\nCliente: Sociedade Brasileira de Medicina de Fam\u00edlia e Comunidade<br \/>\n15 a 18 de Junho de 2006, Pal\u00e1cio das Conven\u00e7\u00f5es do Anhembi, S\u00e3o Paulo, SP<br \/>\n2.000 participantes<\/p>\n<hr class=\" hr_color\" style=\"margin: 0 auto 30px;\"\/>\n\n<p>V S\u00e3o Paulo Research Conference &#8220;Teoria da Evolu\u00e7\u00e3o: Princ\u00edpios e Impactos&#8221;<br \/>\nCliente: Prof. Boris Vargaftig \u2013 Pr\u00f3 Reitoria de Pesquisas da USP<br \/>\n18 a 20 de Maio de 2006, Faculdade de Medicina da USP \u2013 S\u00e3o Paulo, SP<br \/>\n310 participantes<\/p>\n<hr class=\" hr_color\" style=\"margin: 0 auto 30px;\"\/>\n\n<p>VII Congresso Paulista de Diabetes e Metabolismo<br \/>\nCliente: Sociedade Paulista de Diabetes e Metabolismo<br \/>\n04 a 07 de Maio de 2006, Casa Grande Hotel &#8211; Guaruj\u00e1, SP.<br \/>\n540 participantes<\/p>\n<hr class=\" hr_color\" style=\"margin: 0 auto 30px;\"\/>\n\n<p>IX Congresso Brasileiro de Psico-Oncologia<br \/>\nII Encontro Internacional de Psico-Oncologia e Cuidados Paliativos<br \/>\nCliente: Sociedade Brasileira de Psico-Oncologia &#8211; SBPO<br \/>\n28 de Abril a 1\u00ba de Maio de 2006, Audit\u00f3rio da FECOM\u00c9RCIO \u2013 S\u00e3o Paulo, SP<br \/>\n530 participantes<\/p>\n<hr class=\" hr_color\" style=\"margin: 0 auto 30px;\"\/>\n\n<p>I Congresso Brasileiro Interdisciplinar de Fibrose C\u00edstica<br \/>\nCliente: Grupo Brasileiro de Estudos de Fibrose C\u00edstica<br \/>\n27 a 30 de Abril de 2006, Hotel Maksoud Plaza \u2013 S\u00e3o Paulo, SP<br \/>\n400 participantes<\/p>\n","protected":false},"excerpt":{"rendered":"<p>&nbsp; VI S\u00e3o Paulo Research Conference &#8220;Mecanismos de Infec\u00e7\u00e3o e Vacinas 2006&#8221; Cliente: Prof. Boris Vargaftig \u2013 Pr\u00f3 Reitoria de Pesquisas da USP 27 a 29 [&hellip;]<\/p>\n","protected":false},"author":1,"featured_media":2088,"parent":0,"menu_order":0,"comment_status":"closed","ping_status":"closed","template":"","meta":[],"_links":{"self":[{"href":"http:\/\/www.eventus.com.br\/portal\/wp-json\/wp\/v2\/pages\/465"}],"collection":[{"href":"http:\/\/www.eventus.com.br\/portal\/wp-json\/wp\/v2\/pages"}],"about":[{"href":"http:\/\/www.eventus.com.br\/portal\/wp-json\/wp\/v2\/types\/page"}],"author":[{"embeddable":true,"href":"http:\/\/www.eventus.com.br\/portal\/wp-json\/wp\/v2\/users\/1"}],"replies":[{"embeddable":true,"href":"http:\/\/www.eventus.com.br\/portal\/wp-json\/wp\/v2\/comments?post=465"}],"version-history":[{"count":6,"href":"http:\/\/www.eventus.com.br\/portal\/wp-json\/wp\/v2\/pages\/465\/revisions"}],"predecessor-version":[{"id":2065,"href":"http:\/\/www.eventus.com.br\/portal\/wp-json\/wp\/v2\/pages\/465\/revisions\/2065"}],"wp:featuredmedia":[{"embeddable":true,"href":"http:\/\/www.eventus.com.br\/portal\/wp-json\/wp\/v2\/media\/2088"}],"wp:attachment":[{"href":"http:\/\/www.eventus.com.br\/portal\/wp-json\/wp\/v2\/media?parent=465"}],"curies":[{"name":"wp","href":"https:\/\/api.w.org\/{rel}","templated":true}]}}